+ 8*d - 2. Let c(x) = 5 - 9*x**3 - 5 - 29*x + 22*x + 2 - 7*x**2. Let k(n) = -6*c(n) - 5*p(n). Calculate k(o).
2
Let s(k) = -k**2 - 16*k - 49. Let h be s(-11). Let o be -5*(-1)/(5/16). Let f(l) = -12 - o - l + 35. Determine f(h).
1
Suppose -2*t + 13 = -15. Let s(z) = t + 0*z**2 - 16 + 5 - 5*z - z**2. Let o(n) = -5*n**2 - 2*n + 1. Let g be o(1). What is s(g)?
-3
Let p(c) = 2*c + 7. Let r be 219/(-12)*(-8 + 28). Let q = r - -355. Determine p(q).
-13
Let z(f) = f**3 + 9*f**2 - 9*f. Let j = 134 + -130. Let k be (48/15 - j)/(2/(-110)). Let r = 34 - k. What is z(r)?
-10
Suppose -2 = 57*w - 56*w. Let m be 2*(-1 - (-6 + 4))*w. Let s(z) = 6*z - 3. What is s(m)?
-27
Let u(k) = k**3 - 9*k**2 + 13*k - 4. Suppose y = -2*b + 10, 63*b = 2*y + 60*b - 13. Calculate u(y).
36
Let f(m) = 2*m**2 - 2*m + 3 + 2*m + 2*m. Suppose -867 + 246 - 449 = 535*z. Determine f(z).
7
Let a(l) = -5*l**2 - 2*l + 3. Let f(h) = -h - 14. Let x be f(-8). Let r be x/(-5)*(-30)/(-18). Calculate a(r).
-21
Let s(n) = -446*n**2 + 15*n - 3. Let q(h) = -535*h**2 + 16*h - 1. Let t(u) = -5*q(u) + 6*s(u). Let x be 6/21 - 136/(-14). Give t(x).
-13
Let u(n) be the first derivative of 4*n + 1/3*n**3 + 2*n**2 - 70. Give u(-4).
4
Suppose 2*b - 27 = -5*g, -b + 4 = -g + 15. Let q be 5/2*(g + 115/(-25)). Let k(f) = 2*f - 6. Give k(q).
6
Let p(v) be the third derivative of -v**4/6 + 23*v**3/6 - 21*v**2. Let j be p(-8). Suppose 4*q + j = 59. Let k(l) = -6*l - 1. What is k(q)?
-7
Let f(y) = 5*y - 29. Let h(i) = -26*i + 1305. Let u be h(50). Calculate f(u).
-4
Suppose 251 = -5*x - 2*s + 267, 0 = -5*x - 5*s + 25. Let w(j) = -6*j**3 + j**2 + 2. Give w(x).
-42
Suppose 29*z + 197 + 122 = 0. Let s(g) = -g**2 - 8*g + 29. Give s(z).
-4
Suppose 4*x = 8*x - 52. Let f(d) = 3 - 4*d + 16 - x + d. Let q be 5 - 2 - (-3 + 0). What is f(q)?
-12
Let m(i) = -24*i - 21*i**2 + i**3 + i + 3*i - 32. Calculate m(22).
12
Let d be 7 - (-16 + (-5)/(-1)). Let q(j) = 29*j**2 - 18*j - 5*j**2 + j**3 - 7*j**2 - 9 + d*j. Give q(-17).
-9
Let c(w) be the second derivative of w**4/12 - w**3/3 - 3*w**2 + w. Suppose 0 = 9*b - 4*b + 75. Let k be 1/(((-9)/b)/3). Calculate c(k).
9
Let p(c) = c**3 - 7*c**2 + 5*c. Suppose 14*a + 3 = 11*a. Let m be 2*(-7 - -4)*a. What is p(m)?
-6
Let v be (-12)/(-20) + (-216)/(-15). Let q(p) = v*p**3 - 6 - 6 - 2 + 13. Calculate q(1).
14
Let j be (37/(-148))/(2/32). Let m(d) = -d**2 - 3*d - 3. Let u(c) = -c**2 - 8*c - 8. Let x(q) = j*u(q) + 11*m(q). Calculate x(2).
-31
Suppose 0 = m - 4*m - 24. Let w(v) = -11*v**2 + 20*v + 41. Let y(q) = -4*q**2 + 7*q + 14. Let i(j) = m*y(j) + 3*w(j). Give i(6).
-1
Let q(i) = -19*i**2 + 6*i + 16. Let o(r) = 3*r**2 - 1. Let x(l) = 6*o(l) + q(l). Let v be 301/42 + 1/(-6). Give x(v).
3
Let o = 43 + -39. Suppose 7*p - 3*p - 5*k + 38 = 0, 0 = 3*p - o*k + 29. Let y(n) = 6*n - 5*n + 15 - 1. Determine y(p).
7
Let r(s) = -s**3 + 6*s**2 + 6*s + 10. Let b = 1600 - 1593. Determine r(b).
3
Suppose -25*p = 10*p - 280. Let l(q) = q**3 - 7*q**2 - 8*q - 8. Give l(p).
-8
Let w = 38 + -35. Let s(k) = k - w + 0*k + 2 + 3. Let i(n) = -n**3 + 7*n**2 - 13*n + 6. Let u be i(5). Calculate s(u).
-7
Let f(n) be the third derivative of n**8/20160 + n**7/560 - n**6/120 + 7*n**5/12 - 26*n**2. Let z(q) be the third derivative of f(q). Calculate z(-7).
-20
Let r(q) be the third derivative of -q**7/630 + q**6/360 + q**5/60 + 7*q**4/3 - 2*q**2 + 42*q. Let j(x) be the third derivative of r(x). Calculate j(2).
-14
Let r(l) = 14*l + 47. Let k(w) = w - 4. Let q(i) = 8*k(i) - r(i). Calculate q(-16).
17
Let b(x) = 2*x**2 + 25*x + 95. Let i be b(-23). Let k = 583 - i. Let l(c) = -c**3 + 3*c**2 + 6*c + 7. Calculate l(k).
-13
Let u(k) = 5*k. Let p be (-16)/4*(5 - 13). Suppose 26 = 6*f + p. Determine u(f).
-5
Let v(z) = 3*z**3 - z**2 - 2*z - 1. Let h be v(2). Let t(l) = 28 - 902*l**3 - 14*l**2 + 966*l**3 - 17*l - 63*l**3 + 0*l**2. Calculate t(h).
-2
Let a(f) = f + 4. Let w = -36 - -38. Suppose -110 = w*h - 20. Let o = h - -43. Determine a(o).
2
Let g(k) = 2*k**2 - 14*k - 13. Suppose -10*c + 5*c = -5*s + 45, -2*c + 24 = 4*s. Let x be g(s). Let y(v) = -v**3 - 14*v**2 - 13*v + 2. Determine y(x).
2
Let b be ((-180)/35)/((-1)/7). Let k(d) = d**2 - d + 42 + d - b. Determine k(0).
6
Let y(f) = 2*f**3 - 2*f + 1. Let m(p) = -3*p - 32. Let i be m(-16). Suppose -2*z - 3*c - i = 0, 4 = z - 5*c - 14. What is y(z)?
-11
Let t(m) = 17*m**2 - 6*m - 3. Let w(z) = -21*z**2 + 6*z + 3. Let s(u) = 5*t(u) + 4*w(u). Let h be 2*(-3 + 2) - -6. Calculate s(h).
-11
Let m be 0 - (2 - (10 - 5)). Let n(u) = 0*u**2 - 2*u**2 + 6*u**2 - u**m + 1 - u - 3*u**2. Determine n(0).
1
Let s = 23 - 16. Let t(v) = -5*v + 10. What is t(s)?
-25
Let y(h) = 186 + 21*h - 516 + 174 + 184. Calculate y(-2).
-14
Let y = 28275 + -28279. Let p(o) = -35*o - 145. What is p(y)?
-5
Let y = 4861 - 4865. Let c(z) = -12*z - 39. Determine c(y).
9
Let h = 1413 + -1420. Let n(p) = -4*p**2 - 20*p + 26. What is n(h)?
-30
Let x(n) be the first derivative of 1/3*n**3 + 2 + 2*n + 5/2*n**2. Let s(w) = -5*w**2 + 2*w - 2. Let b be s(1). Determine x(b).
2
Suppose 9*j + 4846 = 1741. Let s = j + 341. Let r(u) = -u**3 - 2*u**2 + 5*u - 3. What is r(s)?
9
Let t be (-5)/(-20)*-1 + 5*24/(-160). Let u(i) = 8*i**3 - i**2 - 2*i - 2. What is u(t)?
-9
Let d(i) = 8 + 10*i + 3*i**2 - 2*i**2 + 3. Let r be (-22)/(-143) + ((-636)/(-26))/(-3). Calculate d(r).
-5
Let q(b) = -b**3 - 9*b**2 + 8*b - 13. Let i(k) = 2*k**2 + 19*k + 36. Let u be i(-12). Let d = u - 106. Give q(d).
7
Let t(u) = u**3 - 2*u**2 - 49*u - 6. Suppose 1 = -3*w - 5*v, 45 = 140*w - 135*w - v. Determine t(w).
-14
Let z(n) be the first derivative of -n**4/4 - n**3/3 + 4*n**2 + n - 334. What is z(-4)?
17
Let m be 3*3/9*(-16)/8. Let l be m/(-4) + (26/(-4))/1. Let k(c) be the first derivative of c**2 + 8*c + 4. Calculate k(l).
-4
Let m(s) = -3*s - 4. Let x be m(-3). Let g(h) = -1 - x*h + 4 + 2*h. Let u be (2 - 14) + ((-9000)/(-12))/50. Give g(u).
-6
Let k = -67 + 72. Let i(d) = -d**3 - 6 - k*d**2 - 77*d + 41*d + 34*d. Calculate i(-5).
4
Let f(g) = g**3 - 5*g**2 - 3*g - 3. Suppose -5*h + 18 = 58. Let b be (16/6)/((64/156)/h). Let s = 58 + b. Determine f(s).
15
Let p(c) = -c**3 + 4*c**2 - 2*c. Let z be p(3). Let v(d) = 15*d - 12. Let h be v(1). Suppose a - 2 - h = z*j, 3*j = -4*a - 10. Let f(s) = 3*s + 1. Give f(a).
-2
Let l(i) = -90*i**3 - 88*i**3 + 10*i**2 + 3 + 8*i**2 + 4 + 177*i**3. Suppose -w = -2*p + 31, -2*p + 4*w + 34 = p. Determine l(p).
7
Let r = 13 + -12. Let c(q) be the second derivative of 1/3*q**3 + 0 - 1/12*q**4 + 14*q + 7/20*q**5 - 1/2*q**2. Give c(r).
7
Let j(z) be the second derivative of 59*z**5/20 + z**4/12 + 66*z - 1. Give j(-1).
-58
Suppose -7*c = -89 + 19. Let z(b) = 2*b - c - 3*b - 4. Give z(-16).
2
Let j(w) = 10*w**3 - 4*w**2 + w + 3. Let g(i) be the third derivative of -i**6/40 + i**5/30 - i**3/6 - 169*i**2. Let n(f) = -7*g(f) - 2*j(f). Give n(7).
36
Let i = -118 - -107. Let j be (-2)/(4/12*i + 3). Let h(m) be the second derivative of m**3/6 - m**2 - m. Determine h(j).
1
Let d(y) = -7*y. Suppose -3*k + 67 = -2*i + 231, 0 = -2*k + i - 110. Suppose 3*x + 78 = -w - 90, 3*w + 162 = -3*x. Let r = k - x. Give d(r).
-7
Let i be ((-8)/10)/(2*(-5)/100). Let m(q) be the third derivative of -q**5/60 + 3*q**4/8 + q**3/6 - 24*q**2 + 7*q. What is m(i)?
9
Let y(a) = a + 5. Suppose -5*z + 498 = -507. Let f = -192 + z. Calculate y(f).
14
Let w(q) = -q**3 + 7*q**2 - 6*q - 7. Let i = 29 - 7. Suppose -i = 4*x - 6. Let d be -6*(x + -4 + 7). What is w(d)?
-7
Let y(a) be the second derivative of -a**4/4 + 5*a**3/2 + a**2 - 435*a. What is y(4)?
14
Let m(u) = u + 0 - u - 9 - u. Let k be 2/(-9) - (-64)/(-36) - -7. Let x = k + -9. What is m(x)?
-5
Let g be -2 - 0 - (7 + -12). Let c(p) = p - 3. Let o be c(6). Let j(b) = -3*b - o*b**2 - 47*b**3 - 2 + 22*b**3 + 26*b**3. Calculate j(g).
-11
Suppose -3*k + 0 = 3*p - 60, 104 = 4*p - 4*k. Let a(m) = 19 - p - m**2 - 7*m + 0*m**2. Suppose 13 + 7 = -5*q. What is a(q)?
8
Let s(v) = -8*v + 77. Suppose a + 4*r = -15, 57*a = 60*a + r - 21. Calculate s(a).
5
Let v(l) be the third derivative of l**6/720 + l**5/60 + 41*l**4/24 - 34*l**2. Let h(n) be the second derivative of v(n). Suppose -6 = z - 2*z. Calculate h(z).
8
Let f be 28/6*(-4563)/(-78). Let t(n) = -3 - 4*n - f*n**2 + 10*n + 274*n**2. Give t(-4).
-11
Let h(z) 